{"id":165,"date":"2024-06-19T09:41:39","date_gmt":"2024-06-19T09:41:39","guid":{"rendered":"https:\/\/rubenaradilla.com\/?post_type=product&#038;p=165"},"modified":"2025-01-04T11:27:52","modified_gmt":"2025-01-04T11:27:52","slug":"el-padrino","status":"publish","type":"product","link":"https:\/\/rubenaradilla.com\/index.php\/product\/el-padrino\/","title":{"rendered":"\u00abEl Padrino\u00bb"},"content":{"rendered":"","protected":false},"excerpt":{"rendered":"<p>&nbsp;<\/p>\n<p>Don Vito Corleone. El gran l\u00edder, el hombre que sit\u00faa la amistad, la lealtad y la familia en lo m\u00e1s alto de las virtudes, cuyo c\u00f3digo de honor y decoro lo agiganta en su valoraci\u00f3n de la palabra por encima de \u00e9l mismo.<\/p>\n<p>&nbsp;<\/p>\n<p>Medidas:\u00a0 \u00a0 \u00a0 \u00a0 \u00a0 &#8211; Ancho:\u00a0 \u00a079 cm\u00a0 \u00a0 \u00a0 \u00a0 \u00a0 &#8211; Alto:\u00a0 \u00a0120 cm<\/p>\n","protected":false},"featured_media":170,"comment_status":"open","ping_status":"closed","template":"","meta":{"_et_pb_use_builder":"","_et_pb_old_content":"","_et_gb_content_width":""},"product_brand":[],"product_cat":[18],"product_tag":[],"class_list":{"0":"post-165","1":"product","2":"type-product","3":"status-publish","4":"has-post-thumbnail","6":"product_cat-galeria-ras","8":"first","9":"instock","10":"shipping-taxable","11":"purchasable","12":"product-type-simple"},"_links":{"self":[{"href":"https:\/\/rubenaradilla.com\/index.php\/wp-json\/wp\/v2\/product\/165","targetHints":{"allow":["GET"]}}],"collection":[{"href":"https:\/\/rubenaradilla.com\/index.php\/wp-json\/wp\/v2\/product"}],"about":[{"href":"https:\/\/rubenaradilla.com\/index.php\/wp-json\/wp\/v2\/types\/product"}],"replies":[{"embeddable":true,"href":"https:\/\/rubenaradilla.com\/index.php\/wp-json\/wp\/v2\/comments?post=165"}],"wp:featuredmedia":[{"embeddable":true,"href":"https:\/\/rubenaradilla.com\/index.php\/wp-json\/wp\/v2\/media\/170"}],"wp:attachment":[{"href":"https:\/\/rubenaradilla.com\/index.php\/wp-json\/wp\/v2\/media?parent=165"}],"wp:term":[{"taxonomy":"product_brand","embeddable":true,"href":"https:\/\/rubenaradilla.com\/index.php\/wp-json\/wp\/v2\/product_brand?post=165"},{"taxonomy":"product_cat","embeddable":true,"href":"https:\/\/rubenaradilla.com\/index.php\/wp-json\/wp\/v2\/product_cat?post=165"},{"taxonomy":"product_tag","embeddable":true,"href":"https:\/\/rubenaradilla.com\/index.php\/wp-json\/wp\/v2\/product_tag?post=165"}],"curies":[{"name":"wp","href":"https:\/\/api.w.org\/{rel}","templated":true}]}}