{"id":172,"date":"2024-06-19T10:24:07","date_gmt":"2024-06-19T10:24:07","guid":{"rendered":"https:\/\/rubenaradilla.com\/?post_type=product&#038;p=172"},"modified":"2025-11-24T15:30:58","modified_gmt":"2025-11-24T15:30:58","slug":"john-lenon","status":"publish","type":"product","link":"https:\/\/rubenaradilla.com\/index.php\/product\/john-lenon\/","title":{"rendered":"John Lenon"},"content":{"rendered":"","protected":false},"excerpt":{"rendered":"<p>&nbsp;<\/p>\n<p>RAS dedica esta vez su expresi\u00f3n precisa con el martillo a uno de los artistas m\u00e1s revolucionarios y querido por todos los pacifistas de este mundo: John Lennon, cuyas canciones fueron cogidas como himno. Y pone \u00e9nfasis en esta peque\u00f1a descripci\u00f3n a lo que Lennon quer\u00eda y hac\u00eda&#8230;\u00bbusar la propaganda para traer La Paz\u00bb. Gracias John.<\/p>\n<p>&nbsp;<\/p>\n<p>Medidas:\u00a0 \u00a0 \u00a0&#8211; Ancho:\u00a0 80 cm\u00a0 \u00a0 \u00a0 \u00a0 \u00a0 &#8211; Alto:\u00a0 80 cm<\/p>\n","protected":false},"featured_media":173,"comment_status":"open","ping_status":"closed","template":"","meta":{"_et_pb_use_builder":"","_et_pb_old_content":"","_et_gb_content_width":""},"product_brand":[],"product_cat":[19],"product_tag":[],"class_list":{"0":"post-172","1":"product","2":"type-product","3":"status-publish","4":"has-post-thumbnail","6":"product_cat-galeria-ras-2","8":"first","9":"instock","10":"shipping-taxable","11":"purchasable","12":"product-type-simple"},"_links":{"self":[{"href":"https:\/\/rubenaradilla.com\/index.php\/wp-json\/wp\/v2\/product\/172","targetHints":{"allow":["GET"]}}],"collection":[{"href":"https:\/\/rubenaradilla.com\/index.php\/wp-json\/wp\/v2\/product"}],"about":[{"href":"https:\/\/rubenaradilla.com\/index.php\/wp-json\/wp\/v2\/types\/product"}],"replies":[{"embeddable":true,"href":"https:\/\/rubenaradilla.com\/index.php\/wp-json\/wp\/v2\/comments?post=172"}],"wp:featuredmedia":[{"embeddable":true,"href":"https:\/\/rubenaradilla.com\/index.php\/wp-json\/wp\/v2\/media\/173"}],"wp:attachment":[{"href":"https:\/\/rubenaradilla.com\/index.php\/wp-json\/wp\/v2\/media?parent=172"}],"wp:term":[{"taxonomy":"product_brand","embeddable":true,"href":"https:\/\/rubenaradilla.com\/index.php\/wp-json\/wp\/v2\/product_brand?post=172"},{"taxonomy":"product_cat","embeddable":true,"href":"https:\/\/rubenaradilla.com\/index.php\/wp-json\/wp\/v2\/product_cat?post=172"},{"taxonomy":"product_tag","embeddable":true,"href":"https:\/\/rubenaradilla.com\/index.php\/wp-json\/wp\/v2\/product_tag?post=172"}],"curies":[{"name":"wp","href":"https:\/\/api.w.org\/{rel}","templated":true}]}}